h - 484. Give q(-27).
-25
Let f(t) = 37*t**2 + 4051*t - 6132. What is f(-111)?
84
Let v(o) = 25*o**3 + 17*o**2 + 40*o + 12. Determine v(-2).
-200
Let b(c) = 2*c**3 - 475*c**2 + 260*c - 5327. Calculate b(237).
124
Let b(a) = a**3 - 1453*a**2 - 4367*a - 3. Calculate b(-3).
-6
Let v(s) = 19*s**2 - 231*s - 4014. Determine v(22).
100
Let m(a) = -31231*a - 31219. What is m(-1)?
12
Let h(w) = -553*w + 21958. Calculate h(43).
-1821
Let s(d) = d**3 + 101*d**2 - 319*d - 1302. What is s(-104)?
-574
Let v(c) = 145*c + 18804. Give v(-130).
-46
Let b(l) = 133*l + 1843. What is b(-9)?
646
Let w(a) = -3*a**3 + 22*a**2 - 16*a - 104. What is w(11)?
-1611
Let l(c) = 5761*c + 132537. What is l(-23)?
34
Let o(x) = -x**3 - 74*x**2 - 156*x - 400. Give o(-72).
464
Let a(o) = 8*o**2 - 171*o + 548. What is a(4)?
-8
Let t(d) = -4*d**2 - 5163*d - 1119554. What is t(-1015)?
-9
Let f(c) = 2097*c - 717169. Determine f(342).
5
Let j(b) = b**3 - 37*b**2 + 350*b - 146. Give j(19).
6
Let c(i) = -440*i**2 - 5262*i + 142. Give c(-12).
-74
Let o(y) = y**3 + 50*y**2 + 94*y - 2080. Calculate o(-7).
-631
Let t(w) = -30*w**2 + 4287*w - 2. Give t(143).
-431
Let u(i) = -i**3 - 256*i**2 - 971*i + 9227. What is u(-252)?
-97
Let r(b) = 12*b**3 + 78*b**2 - 17*b + 10. Calculate r(-6).
328
Let z(c) = 195*c**2 + 197*c + 595. Calculate z(-3).
1759
Let p(s) = s**2 + 363*s + 32191. What is p(-181)?
-751
Let c(n) = 2904*n + 153893. Determine c(-53).
-19
Let y(c) = -235*c + 1606. Determine y(6).
196
Let u(o) = 30*o - 2587. What is u(118)?
953
Let u(t) = -2*t**2 + 4327*t - 94277. Calculate u(22).
-51
Let g(p) = -314*p**3 - 62*p**2 - 109*p + 18. Calculate g(-2).
2500
Let d(y) = y**2 + 206813*y - 24210802. What is d(117)?
8
Let k(j) = 2*j**2 + 8*j - 61. What is k(2)?
-37
Let w(d) = 33863*d + 270958. What is w(-8)?
54
Let n(x) = -10631*x**2 + 21254*x + 6. Determine n(2).
-10
Let f(y) = 20*y**3 + 6257*y**2 + 5306*y + 553. Calculate f(-312).
-71
Let g(b) = 26*b**3 + 286*b**2 - 104*b - 939. What is g(-11)?
205
Let x(k) = -k**3 - 24*k**2 - 156*k - 3739. Calculate x(-24).
5
Let i(m) = -2879*m + 126698. Give i(44).
22
Let c(q) = 79*q**2 + 9742*q + 9740. Determine c(-1).
77
Let h(q) = -59*q**2 + 392*q + 36. Give h(5).
521
Let j(p) = -16254*p + 113775. What is j(7)?
-3
Let d(f) = -46522*f - 279076. Determine d(-6).
56
Let v(b) = 2*b**3 - 24*b**2 - 437*b - 943. Calculate v(-8).
-7
Let o(a) = -a**3 + 251*a**2 + 42074*a - 1826. Give o(-115).
14
Let i(r) = 4*r**2 - 17*r - 899. What is i(-14)?
123
Let r(v) = 13*v + 181. Calculate r(8).
285
Let h(y) = 225*y**2 + 1374*y + 70. Give h(-6).
-74
Let c(q) = -q**3 - 8*q**2 - 249*q - 935. What is c(-4)?
-3
Let z(w) = 13*w**2 - 23610*w - 1113575. Calculate z(-46).
-7
Let d(z) = -659507*z + 58036622. Calculate d(88).
6
Let j(r) = -4*r**2 + 850*r - 21575. Give j(30).
325
Let m(h) = h**3 - 53*h**2 + 3987*h - 232681. What is m(56)?
-1
Let p(i) = 2*i**2 - 127*i - 8509. Determine p(105).
206
Let n(t) = -11220*t - 291706. What is n(-26)?
14
Let l(i) = i**2 + 141*i - 1477. What is l(-152)?
195
Let j(w) = 281*w**3 - 3652*w**2 - 70*w + 733. Calculate j(13).
-8
Let r(x) = x**3 - 301*x**2 - 2147*x - 3640. Give r(308).
-868
Let j(w) = -5310*w - 13622. Calculate j(-3).
2308
Let g(k) = 2*k**3 + 108*k**2 + k - 9. Give g(-54).
-63
Let q(a) = -971*a - 163763. Calculate q(-168).
-635
Let p(d) = -5*d**2 + 582*d - 6152. Determine p(12).
112
Let z(h) = 3*h**3 + 72*h**2 + 273*h - 121. What is z(-20)?
-781
Let y(p) = 153*p - 5030. Calculate y(33).
19
Let o(w) = -5046*w - 539911. Give o(-107).
11
Let g(c) = c**3 + 318*c**2 + 753*c + 36596. Give g(-316).
-1640
Let d(o) = -o**3 + 4*o**2 + 34*o + 108. What is d(-5)?
163
Let m(k) = -k**3 + 21*k**2 - 1452*k + 30514. What is m(21)?
22
Let j(d) = -13372*d - 2086027. Give j(-156).
5
Let i(r) = -r**2 - 9*r + 402. Give i(16).
2
Let q(c) = -9*c**2 - 96*c + 119. What is q(-27)?
-3850
Let o(z) = -866*z**2 - 5242*z - 244. What is o(-6)?
32
Let z(d) = 1597*d**2 + 22341*d - 238. Give z(-14).
0
Let p(f) = -272*f + 13787. Determine p(48).
731
Let z(o) = 43*o**2 - 1838*o + 1833. Give z(1).
38
Let j(i) = i**2 - 36*i - 2956. What is j(-42)?
320
Let w(i) = 15*i**2 - 17601*i - 88362. Calculate w(-5).
18
Let v(r) = 1189095*r + 29727361. Calculate v(-25).
-14
Let u(i) = -3*i**3 + 112*i**2 - 587*i + 20388. Determine u(37).
38
Let f(v) = v**2 - 83*v - 1444. Determine f(-14).
-86
Let g(t) = -49*t**2 + 3013*t - 1438. Calculate g(61).
26
Let a(y) = 17*y**2 + 1243*y - 6000. Calculate a(-78).
474
Let c(z) = -123*z + 3455. Calculate c(25).
380
Let q(n) = 33*n**3 + 448*n**2 - 707*n + 27. Determine q(-15).
57
Let n(w) = -60536*w + 5871983. What is n(97)?
-9
Let f(p) = 5347*p + 10345. Give f(-2).
-349
Let j(q) = 7*q**3 - 5*q**2 - 48*q + 140. Calculate j(3).
140
Let j(x) = 2*x**3 - 252*x**2 + 171*x + 9576. Determine j(125).
-299
Let u(h) = -h**3 + 59*h**2 - 34*h - 2107. Calculate u(58).
-715
Let p(r) = -r**2 + 85*r - 1386. What is p(54)?
288
Let g(i) = 423*i + 4613. What is g(-23)?
-5116
Let b(f) = -24*f**3 + 483*f**2 - 63*f + 109. What is b(20)?
49
Let c(l) = -10*l**2 + 274*l + 168. Give c(26).
532
Let b(o) = 717*o - 132123. Calculate b(188).
2673
Let b(v) = -v**2 + 34892*v - 592857. Give b(17).
18
Let n(v) = v**3 - 235*v**2 - 4*v + 933. Calculate n(235).
-7
Let c(a) = 216*a - 8796. What is c(39)?
-372
Let q(m) = -473*m + 6688. Determine q(16).
-880
Let i(h) = -h**3 + 33*h**2 - 81*h + 65. Determine i(2).
27
Let m(l) = l**2 + 1802*l - 144638. Give m(77).
45
Let n(m) = -m**2 - 10*m + 997. Determine n(-22).
733
Let x(b) = 52056*b - 1145232. What is x(22)?
0
Let f(x) = -3*x**2 + 788*x + 59616. Determine f(324).
0
Let t(n) = -5807*n - 23141. What is t(-4)?
87
Let r(k) = -2*k**2 + 6764*k + 385050. Give r(-56).
-6
Let d(v) = -2*v**2 - 65*v + 14622. Give d(72).
-426
Let a(s) = -4*s**3 - 296*s**2 - 1268*s - 23. What is a(-4)?
569
Let d(j) = -2113651*j - 10568271. What is d(-5)?
-16
Let p(y) = y**3 - 51*y**2 + 463*y - 1164. Determine p(6).
-6
Let q(c) = c**3 - 150*c**2 + 875*c - 42492. Calculate q(146).
-6
Let s(f) = f**2 + 6223*f + 210421. Calculate s(-34).
-5
Let d(p) = p**2 + 31*p + 145. Give d(-12).
-83
Let i(c) = c**3 + 43*c**2 - 330*c - 180. What is i(-51)?
-4158
Let u(h) = 23*h**2 + 834*h + 370. Determine u(-36).
154
Let l(m) = 13*m**3 - 164*m**2 + 436*m - 135. Calculate l(9).
-18
Let s(b) = -15*b**3 - 566*b**2 + 132*b - 753. What is s(-38)?
7
Let z(l) = -2*l**2 + 2699*l - 176716. Determine z(69).
-7
Let i(y) = -y**2 + 101752*y - 1017420. Calculate i(10).
0
Let s(m) = -5*m**2 - 1187*m + 4779. Determine s(4).
-49
Let c(x) = 16304*x + 65204. Calculate c(-4).
-12
Let k(z) = -525*z - 6249. Give k(-12).
51
Let h(b) = -107*b**2 + 233*b - 694. What is h(3)?
-958
Let v(k) = 21*k**2 - 7251*k + 14484. Calculate v(2).
66
Let d(v) = 345*v - 16373. Give d(44).
-1193
Let s(h) = 15798*h - 1248059. Give s(79).
-17
Let r(w) = -w**2 + 183*w - 7966. What is r(111)?
26
Let m(g) = g**3 + 258*g**2 - 247*g + 3061. What is m(-259)?
-47
Let v(n) = -18*n**2 + 1610*n - 5530. Give v(86).
-198
Let i(z) = -7*z**3 - 6*z**2 + 184*z + 600. Determine i(-3).
183
Let v(z) = -687*z - 51536. Calculate v(-75).
-11
Let d(m) = 37202*m + 3608589. Calculate d(-97).
-5
Let o(f) = 7983*f - 534891. What is o(67)?
-30
Let z(m) = -12*m**3 + 1446*m**2 - 4915*m + 37. Calculate z(117).
-80
Let h(g) = 4*g**2 + 37258*g + 149010. Determine h(-4).
42
Let v(t) = t**2 + 7288*t - 94907. Give v(13).
6
Let r(y) = -121*y**3 + 127*y**2 - y - 7. What is r(1)?
-2
Let z(d) = -1615*d + 138892. Give z(86).
2
Let w(y) = 114*y - 11350. Give w(110).
1190
Let l(i) = -187037*i - 2244445. What is l(-12)?
-1
Let w(y) = -19587*y + 97939. Determine w(5).
4
Let u(q) = 7*q**3 + 6*q**2 - 65*q - 127. Give u(-5).
-527
Let o(g) = 57*g**2 - 1035*g + 4614. Give o(11).
126
Let h(m) = -189*m - 13768. What is h(-70)?
-538
Let f(n) = n**3 + 42*n**2 + 353*n - 69. Give f(-30).
141
Let m(o) = -38511*o + 654681. Give m(17).
-6
Let m(d) = 7657*d + 76594. Determine m(-10).
24
Let r(l) = -1248392*l - 3745187. Calculate r(-3).
-11
Let d(k) = -5095*k + 61285. Determine d(12).
145
Let l(g) = g**3 + 125*g**2 - 106*g - 28686. What is l(-124)?
-166
Let a(h) = 182*h - 9930. Calculate a(54).
-102
Let n(k) = 11*k**2 - 116*k - 359. Give n(-3).
88
Let n(y) = y**3 + 20*y**2 - 42*y - 265.